{"id":16436,"date":"2021-11-30T09:06:59","date_gmt":"2021-11-30T09:06:59","guid":{"rendered":"http:\/\/amade.udg.edu\/?page_id=16436"},"modified":"2021-11-30T09:06:59","modified_gmt":"2021-11-30T09:06:59","slug":"hairmate","status":"publish","type":"page","link":"https:\/\/amade.udg.edu\/index.php\/research\/projects\/hairmate\/","title":{"rendered":"hairmate"},"content":{"rendered":"<p>[vc_row css_animation=\u00bb\u00bb row_type=\u00bbrow\u00bb use_row_as_full_screen_section=\u00bbno\u00bb type=\u00bbfull_width\u00bb angled_section=\u00bbno\u00bb text_align=\u00bbleft\u00bb background_image_as_pattern=\u00bbwithout_pattern\u00bb][vc_column][vc_column_text]<img fetchpriority=\"high\" decoding=\"async\" class=\"size-medium wp-image-16372 aligncenter\" src=\"http:\/\/amade.udg.edu\/wp-content\/uploads\/2021\/09\/hairmate-project-300x254.png\" alt=\"\" width=\"300\" height=\"254\" srcset=\"https:\/\/amade.udg.edu\/wp-content\/uploads\/2021\/09\/hairmate-project-300x254.png 300w, https:\/\/amade.udg.edu\/wp-content\/uploads\/2021\/09\/hairmate-project-1024x868.png 1024w, https:\/\/amade.udg.edu\/wp-content\/uploads\/2021\/09\/hairmate-project-768x651.png 768w, https:\/\/amade.udg.edu\/wp-content\/uploads\/2021\/09\/hairmate-project-700x593.png 700w, https:\/\/amade.udg.edu\/wp-content\/uploads\/2021\/09\/hairmate-project.png 1287w\" sizes=\"(max-width: 300px) 100vw, 300px\" \/>[\/vc_column_text][vc_column_text]<\/p>\n<p style=\"text-align: center;\">Period: 2018-2022<\/p>\n<p style=\"text-align: center;\">Partners: Airbus Helicopter (topic manager), AMADE, Compoxi, Ikerlan<\/p>\n<p style=\"text-align: center;\">Project manager: Jordi Renart<\/p>\n<p style=\"text-align: center;\">Contact: <a href=\"mailto:jordi.renart@udg.edu\">jordi.renart@udg.edu<\/a><\/p>\n<p style=\"text-align: center;\">Other AMADE people involved in project: Carlos Sarrado, Daniel Piedrafita, Jordi Llobet<\/p>\n<p style=\"text-align: center;\">Partners:<\/p>\n<p><img decoding=\"async\" class=\"size-medium wp-image-15886 aligncenter\" src=\"http:\/\/amade.udg.edu\/wp-content\/uploads\/2021\/09\/amade-udg-imp4-300x99.png\" alt=\"\" width=\"300\" height=\"99\" srcset=\"https:\/\/amade.udg.edu\/wp-content\/uploads\/2021\/09\/amade-udg-imp4-300x99.png 300w, https:\/\/amade.udg.edu\/wp-content\/uploads\/2021\/09\/amade-udg-imp4.png 462w\" sizes=\"(max-width: 300px) 100vw, 300px\" \/><\/p>\n<p>&nbsp;<\/p>\n<p style=\"text-align: center;\">Funding by:<\/p>\n<p><img decoding=\"async\" class=\"size-full wp-image-16393 aligncenter\" src=\"http:\/\/amade.udg.edu\/wp-content\/uploads\/2021\/09\/EU_CS2_logo_2-1-300x300-1.png\" alt=\"\" width=\"300\" height=\"300\" srcset=\"https:\/\/amade.udg.edu\/wp-content\/uploads\/2021\/09\/EU_CS2_logo_2-1-300x300-1.png 300w, https:\/\/amade.udg.edu\/wp-content\/uploads\/2021\/09\/EU_CS2_logo_2-1-300x300-1-150x150.png 150w\" sizes=\"(max-width: 300px) 100vw, 300px\" \/>[\/vc_column_text][vc_row_inner row_type=\u00bbrow\u00bb type=\u00bbfull_width\u00bb text_align=\u00bbleft\u00bb css_animation=\u00bb\u00bb][vc_column_inner][\/vc_column_inner][\/vc_row_inner][vc_row_inner row_type=\u00bbrow\u00bb type=\u00bbfull_width\u00bb text_align=\u00bbleft\u00bb css_animation=\u00bb\u00bb padding_top=\u00bb30&#8243; padding_bottom=\u00bb10&#8243;][vc_column_inner width=\u00bb1\/6&#8243;][\/vc_column_inner][vc_column_inner width=\u00bb2\/3&#8243;][vc_column_text el_class=\u00bbtext-suave\u00bb]<\/p>\n<p style=\"text-align: center;\">This project has received funding from the Clean Sky 2 Joint Undertaking (JU) under grant agreement No. 821300. The JU receives support from the European Union\u2019s Horizon 2020 research and innovation programme and the Clean Sky 2 JU members other than the Union.<\/p>\n<p style=\"text-align: center;\">Any dissemination of results\/communication activity related to the project must indicate that it reflects only the author\u2019s view and that the JU is not responsible for any use that may be made of the information it contains.<\/p>\n<p>[\/vc_column_text][\/vc_column_inner][vc_column_inner width=\u00bb1\/6&#8243;][\/vc_column_inner][\/vc_row_inner][\/vc_column][\/vc_row][vc_row css_animation=\u00bb\u00bb row_type=\u00bbrow\u00bb use_row_as_full_screen_section=\u00bbno\u00bb type=\u00bbfull_width\u00bb angled_section=\u00bbno\u00bb text_align=\u00bbleft\u00bb background_image_as_pattern=\u00bbwithout_pattern\u00bb z_index=\u00bb\u00bb padding_top=\u00bb50&#8243; padding_bottom=\u00bb50&#8243;][vc_column][vc_column_text]<\/p>\n<h2><strong>DESCRIPTION<\/strong><\/h2>\n<p>&nbsp;<\/p>\n<p>The Hairmate project aims at manufacturing and testing the next generation of aircraft seats designed in the former HAIRD project carried out by LEITAT. This project focus on the design and manufacturing of the moulds for the structural parts and the cushion, but at the same time, it is expected to optimize the design of the seating for manufacturing purposes. The moulds will be designed taking into account the different materials and composite manufacturing techniques such as the Sheet Moulding Compound (SMC), Wet Compression Moulding (WCM) and carbon Prepreg unidirectional tape (UD).\u00a0 A life cycle assessment of the product will be carried out as to guarantee that the new design and manufacturing technology improve in terms of product sustainability. Moreover, different tests will be performed mainly to confirm the mechanical performance and fire safety of the new seat. Finally, a full-scale seat will be tested under dynamic conditions to analyse the structural reliability and to bring this new concept of aircraft seating to the industry.<\/p>\n<p>&nbsp;<\/p>\n<p>The topic manager of the project is the German research organization Fraunhofer-Gesellschaft with the headquarters located in Munich. The consortium is formed by experienced partners in the composite market: LEITAT, acting as the project coordinator, is in charge of the design and simulation of the seats., the AMADE research group is responsible for the characterization test campaign and provides support in terms of design of multi-material joints, and ALPEX company brings expertise in tooling systems for the aviation and automotive industry and will be in charge of the design and manufacture of the moulds.[\/vc_column_text][\/vc_column][\/vc_row][vc_row css_animation=\u00bb\u00bb row_type=\u00bbrow\u00bb use_row_as_full_screen_section=\u00bbno\u00bb type=\u00bbfull_width\u00bb angled_section=\u00bbno\u00bb text_align=\u00bbleft\u00bb background_image_as_pattern=\u00bbwithout_pattern\u00bb][vc_column][vc_column_text]<\/p>\n<h3>RECENT NEWS<\/h3>\n<p>[\/vc_column_text]\n<div class='latest_post_holder image_in_box  ' >\n    <ul>\n    \n        <li class=\"clearfix\">\n            <div class=\"latest_post\"  >\n                <div class=\"latest_post_image clearfix\">\n                    <a itemprop=\"url\" href=\"https:\/\/amade.udg.edu\/index.php\/2023\/11\/21\/participation-in-the-tech-congress-4-0-of-advanced-manufacturing-madrid\/\">\n                                                <img decoding=\"async\" itemprop=\"image\" src=\"https:\/\/amade.udg.edu\/wp-content\/uploads\/2023\/11\/Hairmate_v1-150x150.png\" alt=\"\" \/>\n                    <\/a>\n                <\/div>\n\n\n                <div class=\"latest_post_text\">\n                    <div class=\"latest_post_inner\">\n                        <div class=\"latest_post_text_inner\">\n                            <h3 itemprop=\"name\" class=\"latest_post_title entry_title\"><a itemprop=\"url\" href=\"https:\/\/amade.udg.edu\/index.php\/2023\/11\/21\/participation-in-the-tech-congress-4-0-of-advanced-manufacturing-madrid\/\">Participation in the TECH CONGRESS 4.0 of Advanced Manufacturing Madrid<\/a><\/h3>\n                            <p class=\"excerpt\">Jordi Renart, researcher of AMADE &#8211; Universitat de Girona, has participated in the in the TECH CONGRESS 4.0 of Advanced Manufacturing Madrid with the conference entitled \u201cDise\u00f1o y fabricaci\u00f3n de una nueva generaci\u00f3n de asientos para aeronaves Comerciales: resultados del......<\/p>\n                            <span class=\"post_infos\">\n                                                                    <span class=\"date_hour_holder\">\n                                        <span itemprop=\"dateCreated\" class=\"date entry_date updated\">21 noviembre, 2023 <meta itemprop=\"interactionCount\" content=\"UserComments: 0\"\/><\/span>\n                                    <\/span>\n                                \n                                \n                                \n                                                                    <span class=\"dots\"><i class=\"fa fa-square\"><\/i><\/span>\n                                    <span class=\"blog_like\"><a  href=\"#\" class=\"qode-like\" id=\"qode-like-17168\" title=\"Like this\">0<span>  Likes<\/span><\/a><\/span>\n                                \n                                                                        <span class=\"dots\"><i class=\"fa fa-square\"><\/i><\/span>\n                                        <div class=\"blog_share qode_share\"><div class=\"social_share_holder\"><a href=\"javascript:void(0)\" target=\"_self\"><span class=\"social_share_title\">Share<\/span><\/a><div class=\"social_share_dropdown\"><div class=\"inner_arrow\"><\/div><ul><li class=\"facebook_share\"><a href=\"javascript:void(0)\" onclick=\"window.open('https:\/\/www.facebook.com\/sharer.php?u=https%3A%2F%2Famade.udg.edu%2Findex.php%2F2023%2F11%2F21%2Fparticipation-in-the-tech-congress-4-0-of-advanced-manufacturing-madrid%2F', 'sharer', 'toolbar=0,status=0,width=620,height=280');\"><i class=\"fa fa-facebook\"><\/i><\/a><\/li><li class=\"twitter_share\"><a href=\"#\" onclick=\"popUp=window.open('https:\/\/twitter.com\/share?status=Jordi+Renart%2C+researcher+of+AMADE+%26%238211%3B+Universitat+de+Girona%2C+has+participated+in+the+in+the+TECH+CONGRESS+4.0+of+https:\/\/amade.udg.edu\/index.php\/2023\/11\/21\/participation-in-the-tech-congress-4-0-of-advanced-manufacturing-madrid\/', 'popupwindow', 'scrollbars=yes,width=800,height=400');popUp.focus();return false;\"><i class=\"fa fa-twitter\"><\/i><\/a><\/li><li  class=\"linkedin_share\"><a href=\"#\" onclick=\"popUp=window.open('https:\/\/linkedin.com\/shareArticle?mini=true&amp;url=https%3A%2F%2Famade.udg.edu%2Findex.php%2F2023%2F11%2F21%2Fparticipation-in-the-tech-congress-4-0-of-advanced-manufacturing-madrid%2F&amp;title=Participation+in+the+TECH+CONGRESS+4.0+of+Advanced+Manufacturing+Madrid', 'popupwindow', 'scrollbars=yes,width=800,height=400');popUp.focus();return false\"><i class=\"fa fa-linkedin\"><\/i><\/a><\/li><\/ul><\/div><\/div><\/div>                                                            <\/span>\n                        <\/div>\n                    <\/div>\n                <\/div>\n            <\/div>\n        <\/li>\n        \n    <\/ul>\n<\/div>[\/vc_column][\/vc_row]<\/p>\n","protected":false},"excerpt":{"rendered":"<p>[vc_row css_animation=\u00bb\u00bb row_type=\u00bbrow\u00bb use_row_as_full_screen_section=\u00bbno\u00bb type=\u00bbfull_width\u00bb angled_section=\u00bbno\u00bb text_align=\u00bbleft\u00bb background_image_as_pattern=\u00bbwithout_pattern\u00bb][vc_column][vc_column_text][\/vc_column_text][vc_column_text] Period: 2018-2022 Partners: Airbus Helicopter (topic manager), AMADE, Compoxi, Ikerlan Project manager: Jordi Renart Contact: jordi.renart@udg.edu Other AMADE people involved in project: Carlos Sarrado, Daniel Piedrafita, Jordi Llobet Partners: &nbsp; Funding by:&#8230;<\/p>\n","protected":false},"author":1,"featured_media":0,"parent":16363,"menu_order":0,"comment_status":"closed","ping_status":"closed","template":"","meta":{"footnotes":""},"class_list":["post-16436","page","type-page","status-publish","hentry"],"_links":{"self":[{"href":"https:\/\/amade.udg.edu\/index.php\/wp-json\/wp\/v2\/pages\/16436","targetHints":{"allow":["GET"]}}],"collection":[{"href":"https:\/\/amade.udg.edu\/index.php\/wp-json\/wp\/v2\/pages"}],"about":[{"href":"https:\/\/amade.udg.edu\/index.php\/wp-json\/wp\/v2\/types\/page"}],"author":[{"embeddable":true,"href":"https:\/\/amade.udg.edu\/index.php\/wp-json\/wp\/v2\/users\/1"}],"replies":[{"embeddable":true,"href":"https:\/\/amade.udg.edu\/index.php\/wp-json\/wp\/v2\/comments?post=16436"}],"version-history":[{"count":2,"href":"https:\/\/amade.udg.edu\/index.php\/wp-json\/wp\/v2\/pages\/16436\/revisions"}],"predecessor-version":[{"id":16922,"href":"https:\/\/amade.udg.edu\/index.php\/wp-json\/wp\/v2\/pages\/16436\/revisions\/16922"}],"up":[{"embeddable":true,"href":"https:\/\/amade.udg.edu\/index.php\/wp-json\/wp\/v2\/pages\/16363"}],"wp:attachment":[{"href":"https:\/\/amade.udg.edu\/index.php\/wp-json\/wp\/v2\/media?parent=16436"}],"curies":[{"name":"wp","href":"https:\/\/api.w.org\/{rel}","templated":true}]}}

<p>[vc_row css_animation=»» row_type=»row» use_row_as_full_screen_section=»no» type=»full_width» angled_section=»no» text_align=»left» background_image_as_pattern=»without_pattern»][vc_column][vc_column_text]<img fetchpriority="high" decoding="async" class="size-medium wp-image-16372 aligncenter" src="http://amade.udg.edu/wp-content/uploads/2021/09/hairmate-project-300x254.png" alt="" width="300" height="254" srcset="https://amade.udg.edu/wp-content/uploads/2021/09/hairmate-project-300x254.png 300w, https://amade.udg.edu/wp-content/uploads/2021/09/hairmate-project-1024x868.png 1024w, https://amade.udg.edu/wp-content/uploads/2021/09/hairmate-project-768x651.png 768w, https://amade.udg.edu/wp-content/uploads/2021/09/hairmate-project-700x593.png 700w, https://amade.udg.edu/wp-content/uploads/2021/09/hairmate-project.png 1287w" sizes="(max-width: 300px) 100vw, 300px" />[/vc_column_text][vc_column_text]</p>
<p style="text-align: center;">Period: 2018-2022</p>
<p style="text-align: center;">Partners: Airbus Helicopter (topic manager), AMADE, Compoxi, Ikerlan</p>
<p style="text-align: center;">Project manager: Jordi Renart</p>
<p style="text-align: center;">Contact: <a href="mailto:jordi.renart@udg.edu">jordi.renart@udg.edu</a></p>
<p style="text-align: center;">Other AMADE people involved in project: Carlos Sarrado, Daniel Piedrafita, Jordi Llobet</p>
<p style="text-align: center;">Partners:</p>
<p><img decoding="async" class="size-medium wp-image-15886 aligncenter" src="http://amade.udg.edu/wp-content/uploads/2021/09/amade-udg-imp4-300x99.png" alt="" width="300" height="99" srcset="https://amade.udg.edu/wp-content/uploads/2021/09/amade-udg-imp4-300x99.png 300w, https://amade.udg.edu/wp-content/uploads/2021/09/amade-udg-imp4.png 462w" sizes="(max-width: 300px) 100vw, 300px" /></p>
<p>&nbsp;</p>
<p style="text-align: center;">Funding by:</p>
<p><img decoding="async" class="size-full wp-image-16393 aligncenter" src="http://amade.udg.edu/wp-content/uploads/2021/09/EU_CS2_logo_2-1-300x300-1.png" alt="" width="300" height="300" srcset="https://amade.udg.edu/wp-content/uploads/2021/09/EU_CS2_logo_2-1-300x300-1.png 300w, https://amade.udg.edu/wp-content/uploads/2021/09/EU_CS2_logo_2-1-300x300-1-150x150.png 150w" sizes="(max-width: 300px) 100vw, 300px" />[/vc_column_text][vc_row_inner row_type=»row» type=»full_width» text_align=»left» css_animation=»»][vc_column_inner][/vc_column_inner][/vc_row_inner][vc_row_inner row_type=»row» type=»full_width» text_align=»left» css_animation=»» padding_top=»30&#8243; padding_bottom=»10&#8243;][vc_column_inner width=»1/6&#8243;][/vc_column_inner][vc_column_inner width=»2/3&#8243;][vc_column_text el_class=»text-suave»]</p>
<p style="text-align: center;">This project has received funding from the Clean Sky 2 Joint Undertaking (JU) under grant agreement No. 821300. The JU receives support from the European Union’s Horizon 2020 research and innovation programme and the Clean Sky 2 JU members other than the Union.</p>
<p style="text-align: center;">Any dissemination of results/communication activity related to the project must indicate that it reflects only the author’s view and that the JU is not responsible for any use that may be made of the information it contains.</p>
<p>[/vc_column_text][/vc_column_inner][vc_column_inner width=»1/6&#8243;][/vc_column_inner][/vc_row_inner][/vc_column][/vc_row][vc_row css_animation=»» row_type=»row» use_row_as_full_screen_section=»no» type=»full_width» angled_section=»no» text_align=»left» background_image_as_pattern=»without_pattern» z_index=»» padding_top=»50&#8243; padding_bottom=»50&#8243;][vc_column][vc_column_text]</p>
<h2><strong>DESCRIPTION</strong></h2>
<p>&nbsp;</p>
<p>The Hairmate project aims at manufacturing and testing the next generation of aircraft seats designed in the former HAIRD project carried out by LEITAT. This project focus on the design and manufacturing of the moulds for the structural parts and the cushion, but at the same time, it is expected to optimize the design of the seating for manufacturing purposes. The moulds will be designed taking into account the different materials and composite manufacturing techniques such as the Sheet Moulding Compound (SMC), Wet Compression Moulding (WCM) and carbon Prepreg unidirectional tape (UD).  A life cycle assessment of the product will be carried out as to guarantee that the new design and manufacturing technology improve in terms of product sustainability. Moreover, different tests will be performed mainly to confirm the mechanical performance and fire safety of the new seat. Finally, a full-scale seat will be tested under dynamic conditions to analyse the structural reliability and to bring this new concept of aircraft seating to the industry.</p>
<p>&nbsp;</p>
<p>The topic manager of the project is the German research organization Fraunhofer-Gesellschaft with the headquarters located in Munich. The consortium is formed by experienced partners in the composite market: LEITAT, acting as the project coordinator, is in charge of the design and simulation of the seats., the AMADE research group is responsible for the characterization test campaign and provides support in terms of design of multi-material joints, and ALPEX company brings expertise in tooling systems for the aviation and automotive industry and will be in charge of the design and manufacture of the moulds.[/vc_column_text][/vc_column][/vc_row][vc_row css_animation=»» row_type=»row» use_row_as_full_screen_section=»no» type=»full_width» angled_section=»no» text_align=»left» background_image_as_pattern=»without_pattern»][vc_column][vc_column_text]</p>
<h3>RECENT NEWS</h3>
<p>[/vc_column_text]
<div class='latest_post_holder image_in_box  ' >
    <ul>
    
        <li class="clearfix">
            <div class="latest_post"  >
                <div class="latest_post_image clearfix">
                    <a itemprop="url" href="https://amade.udg.edu/index.php/2023/11/21/participation-in-the-tech-congress-4-0-of-advanced-manufacturing-madrid/">
                                                <img decoding="async" itemprop="image" src="https://amade.udg.edu/wp-content/uploads/2023/11/Hairmate_v1-150x150.png" alt="" />
                    </a>
                </div>


                <div class="latest_post_text">
                    <div class="latest_post_inner">
                        <div class="latest_post_text_inner">
                            <h3 itemprop="name" class="latest_post_title entry_title"><a itemprop="url" href="https://amade.udg.edu/index.php/2023/11/21/participation-in-the-tech-congress-4-0-of-advanced-manufacturing-madrid/">Participation in the TECH CONGRESS 4.0 of Advanced Manufacturing Madrid</a></h3>
                            <p class="excerpt">Jordi Renart, researcher of AMADE &#8211; Universitat de Girona, has participated in the in the TECH CONGRESS 4.0 of Advanced Manufacturing Madrid with the conference entitled “Diseño y fabricación de una nueva generación de asientos para aeronaves Comerciales: resultados del......</p>
                            <span class="post_infos">
                                                                    <span class="date_hour_holder">
                                        <span itemprop="dateCreated" class="date entry_date updated">21 noviembre, 2023 <meta itemprop="interactionCount" content="UserComments: 0"/></span>
                                    </span>
                                
                                
                                
                                                                    <span class="dots"><i class="fa fa-square"></i></span>
                                    <span class="blog_like"><a  href="#" class="qode-like" id="qode-like-17168" title="Like this">0<span>  Likes</span></a></span>
                                
                                                                        <span class="dots"><i class="fa fa-square"></i></span>
                                        <div class="blog_share qode_share"><div class="social_share_holder"><a href="javascript:void(0)" target="_self"><span class="social_share_title">Share</span></a><div class="social_share_dropdown"><div class="inner_arrow"></div><ul><li class="facebook_share"><a href="javascript:void(0)" onclick="window.open('https://www.facebook.com/sharer.php?u=https%3A%2F%2Famade.udg.edu%2Findex.php%2F2023%2F11%2F21%2Fparticipation-in-the-tech-congress-4-0-of-advanced-manufacturing-madrid%2F', 'sharer', 'toolbar=0,status=0,width=620,height=280');"><i class="fa fa-facebook"></i></a></li><li class="twitter_share"><a href="#" onclick="popUp=window.open('https://twitter.com/share?status=Jordi+Renart%2C+researcher+of+AMADE+%26%238211%3B+Universitat+de+Girona%2C+has+participated+in+the+in+the+TECH+CONGRESS+4.0+of+https://amade.udg.edu/index.php/2023/11/21/participation-in-the-tech-congress-4-0-of-advanced-manufacturing-madrid/', 'popupwindow', 'scrollbars=yes,width=800,height=400');popUp.focus();return false;"><i class="fa fa-twitter"></i></a></li><li  class="linkedin_share"><a href="#" onclick="popUp=window.open('https://linkedin.com/shareArticle?mini=true&amp;url=https%3A%2F%2Famade.udg.edu%2Findex.php%2F2023%2F11%2F21%2Fparticipation-in-the-tech-congress-4-0-of-advanced-manufacturing-madrid%2F&amp;title=Participation+in+the+TECH+CONGRESS+4.0+of+Advanced+Manufacturing+Madrid', 'popupwindow', 'scrollbars=yes,width=800,height=400');popUp.focus();return false"><i class="fa fa-linkedin"></i></a></li></ul></div></div></div>                                                            </span>
                        </div>
                    </div>
                </div>
            </div>
        </li>
        
    </ul>
</div>[/vc_column][/vc_row]</p>
