{"id":17279,"date":"2024-09-19T12:26:09","date_gmt":"2024-09-19T12:26:09","guid":{"rendered":"http:\/\/amade.udg.edu\/?page_id=17279"},"modified":"2024-09-25T08:58:08","modified_gmt":"2024-09-25T08:58:08","slug":"enrichment","status":"publish","type":"page","link":"https:\/\/amade.udg.edu\/index.php\/research\/projects\/enrichment\/","title":{"rendered":"ENRICHMENT"},"content":{"rendered":"<p>[vc_row css_animation=\u00bb\u00bb row_type=\u00bbrow\u00bb use_row_as_full_screen_section=\u00bbno\u00bb type=\u00bbfull_width\u00bb angled_section=\u00bbno\u00bb text_align=\u00bbleft\u00bb background_image_as_pattern=\u00bbwithout_pattern\u00bb][vc_column][vc_column_text css=\u00bb.vc_custom_1727254649142{margin-bottom: 50px !important;}\u00bb]<\/p>\n<h3 style=\"text-align: center;\"><strong>ENRICHMENT<\/strong><\/h3>\n<p>&nbsp;<\/p>\n<h3 style=\"text-align: center; font-size: 20px; text-transform: none;\"><strong>Formulaci\u00f3 d\u2019un nou element adaptatiu per al c\u00e0lcul de la post-fallada en models de materials compostos<\/strong><\/h3>\n<p>[\/vc_column_text][vc_column_text]<\/p>\n<p style=\"text-align: center;\"><strong>Period:<\/strong> 09\/2021 &#8211; 09\/2024 (48 months)<\/p>\n<p style=\"text-align: center;\"><strong>Funding organization:<\/strong> Acci\u00f3 \u2013 Generalitat de Catalunya<\/p>\n<p style=\"text-align: center;\"><strong>Project coordinator:<\/strong> Barcelona Technical Center S.L. (Btech<sup>c<\/sup>)<\/p>\n<p style=\"text-align: center;\"><strong><img decoding=\"async\" class=\"alignnone wp-image-17307\" src=\"http:\/\/amade.udg.edu\/wp-content\/uploads\/2024\/09\/Logo_BTECHc-e1727178392791-300x157.jpg\" alt=\"\" width=\"200\" height=\"105\" srcset=\"https:\/\/amade.udg.edu\/wp-content\/uploads\/2024\/09\/Logo_BTECHc-e1727178392791-300x157.jpg 300w, https:\/\/amade.udg.edu\/wp-content\/uploads\/2024\/09\/Logo_BTECHc-e1727178392791.jpg 315w\" sizes=\"(max-width: 200px) 100vw, 200px\" \/><\/strong><\/p>\n<p style=\"text-align: center;\"><strong>Partners:<\/strong> Amade-UdG<\/p>\n<p style=\"text-align: center;\"><strong><img decoding=\"async\" class=\"alignnone size-medium wp-image-17352\" src=\"http:\/\/amade.udg.edu\/wp-content\/uploads\/2024\/09\/LOGO-AMADE-UdG-ENGL-2-300x63.png\" alt=\"\" width=\"300\" height=\"63\" srcset=\"https:\/\/amade.udg.edu\/wp-content\/uploads\/2024\/09\/LOGO-AMADE-UdG-ENGL-2-300x63.png 300w, https:\/\/amade.udg.edu\/wp-content\/uploads\/2024\/09\/LOGO-AMADE-UdG-ENGL-2-1024x216.png 1024w, https:\/\/amade.udg.edu\/wp-content\/uploads\/2024\/09\/LOGO-AMADE-UdG-ENGL-2-768x162.png 768w, https:\/\/amade.udg.edu\/wp-content\/uploads\/2024\/09\/LOGO-AMADE-UdG-ENGL-2-700x148.png 700w, https:\/\/amade.udg.edu\/wp-content\/uploads\/2024\/09\/LOGO-AMADE-UdG-ENGL-2.png 1534w\" sizes=\"(max-width: 300px) 100vw, 300px\" \/><\/strong><\/p>\n<p style=\"text-align: center;\"><strong>Project manager:<\/strong> Pere Maim\u00ed<\/p>\n<p style=\"text-align: center;\"><strong>Contact:<\/strong> pere.maimi@udg.edu<\/p>\n<p style=\"text-align: center;\"><strong>Other AMADE people involved in the project:<\/strong> A. Subramani<\/p>\n<p style=\"text-align: center;\"><b>Grant agreement number: <\/b><span style=\"font-weight: 400;\">ACE034\/21\/000015<\/span><\/p>\n<p style=\"text-align: center;\"><b>Funded by<\/b><span style=\"font-weight: 400;\">: Funded by \u201cAgencia de Suport a l\u2019Empresa Catalana (ACCI\u00d3)\u201d under reference ACE034\/21\/000015<\/span><\/p>\n<p><img decoding=\"async\" class=\"aligncenter wp-image-17308\" src=\"http:\/\/amade.udg.edu\/wp-content\/uploads\/2024\/09\/Logo_ACCIO-integrat-vertical-CAT-300x268.png\" alt=\"\" width=\"200\" height=\"179\" \/>[\/vc_column_text][vc_row_inner row_type=\u00bbrow\u00bb type=\u00bbfull_width\u00bb text_align=\u00bbleft\u00bb css_animation=\u00bb\u00bb][vc_column_inner][\/vc_column_inner][\/vc_row_inner][vc_row_inner row_type=\u00bbrow\u00bb type=\u00bbfull_width\u00bb text_align=\u00bbleft\u00bb css_animation=\u00bb\u00bb padding_top=\u00bb30&#8243; padding_bottom=\u00bb10&#8243;][vc_column_inner width=\u00bb1\/6&#8243;][\/vc_column_inner][vc_column_inner width=\u00bb2\/3&#8243;][\/vc_column_inner][vc_column_inner width=\u00bb1\/6&#8243;][\/vc_column_inner][\/vc_row_inner][\/vc_column][\/vc_row][vc_row css_animation=\u00bb\u00bb row_type=\u00bbrow\u00bb use_row_as_full_screen_section=\u00bbno\u00bb type=\u00bbfull_width\u00bb angled_section=\u00bbno\u00bb text_align=\u00bbleft\u00bb background_image_as_pattern=\u00bbwithout_pattern\u00bb z_index=\u00bb\u00bb padding_top=\u00bb50&#8243; padding_bottom=\u00bb50&#8243;][vc_column][vc_column_text]<\/p>\n<h2><strong>DESCRIPTION<\/strong><\/h2>\n<p>&nbsp;<\/p>\n<p>L\u2019aplicaci\u00f3 de materials lleugers com els compostos de fibres es previst que experimenti un increment considerable en els vehicles destinats al transport. En el cas de l\u2019electromobilitat l\u2019increment de l\u2019autonomia del vehicle passa en bona part per la reducci\u00f3 del pes de la seva estructura. La necessitat de predir els mecanismes de fallada en els materials compostos es fa evident en fen\u00f2mens d\u2019origen din\u00e0mic com poden ser els impactes (crash tests).<\/p>\n<p>L\u2019estat de la t\u00e8cnica actual permet realitzar aquesta predicci\u00f3 en zones molt localitzades per\u00f2 no en el global de l\u2019estructura. Aquesta limitaci\u00f3 es deu a la necessitat de refinar molt els models d\u2019elements finits per detectar la delaminaci\u00f3 interlaminar<\/p>\n<p>El cost computacional d\u2019aquesta estrat\u00e8gia de simulaci\u00f3 \u00e9s inassolible quan la fallada pot originar-se en qualsevol punt del model perqu\u00e8 obligaria a un refinament total de l\u2019estructura. T\u00edpicament aquesta \u00e9s la situaci\u00f3 que es dona en les simulacions de crash a on les interaccions entre els components del vehicle degut a l\u2019impacte fan impossible predir quines seran les zones susceptibles a patir delaminaci\u00f3.<\/p>\n<p>L\u2019objectiu del projecte \u00e9s desenvolupar una nova t\u00e8cnica de mallat adaptatiu basada en l\u2019enriquiment d\u2019elements placa que permeti, un cop detectada la possibilitat de delaminaci\u00f3, la creaci\u00f3 i divisi\u00f3 d\u2019elements per recrear la generaci\u00f3 de l\u2019esquerda (delaminaci\u00f3) en el material.<\/p>\n<p>L\u2019inter\u00e8s principal est\u00e0 en aplicar aquesta nova t\u00e8cnica a l\u2019\u00fas dels elements de tipus placa que s\u00f3n els m\u00e9s utilitzats en la simulaci\u00f3 d\u2019\u00e0mbit industrial pel seu redu\u00eft cost computacional. El problema d\u2019aquest tipus d\u2019elements \u00e9s que no s\u00f3n capa\u00e7os de reproduir amb precisi\u00f3 les tensions interlaminars degut a la seva formulaci\u00f3 num\u00e8rica. BTECH, amb el suport i la supervisi\u00f3 d\u2019AMADE, ha aconseguit desenvolupar una nova formulaci\u00f3 que supera aquest inconvenient i que suposa el punt de partida pel projecte pel qual es demana l\u2019ajut INNOTEC. Al poder obtenir les tensions interlaminars amb elements placa de forma precisa, ara nom\u00e9s cal desenvolupar la t\u00e8cnica de l\u2019enriquiment per poder simular la post fallada en qualsevol punt del model amb un cost computacional raonable i assumible per una empresa PIME.[\/vc_column_text][\/vc_column][\/vc_row][vc_row css_animation=\u00bb\u00bb row_type=\u00bbrow\u00bb use_row_as_full_screen_section=\u00bbno\u00bb type=\u00bbfull_width\u00bb angled_section=\u00bbno\u00bb text_align=\u00bbleft\u00bb background_image_as_pattern=\u00bbwithout_pattern\u00bb][vc_column][vc_column_text]<\/p>\n<h3>RECENT NEWS<\/h3>\n<p>[\/vc_column_text]\n<div class='latest_post_holder image_in_box  ' >\n    <ul>\n    \n    <\/ul>\n<\/div>[\/vc_column][\/vc_row]<\/p>\n","protected":false},"excerpt":{"rendered":"<p>[vc_row css_animation=\u00bb\u00bb row_type=\u00bbrow\u00bb use_row_as_full_screen_section=\u00bbno\u00bb type=\u00bbfull_width\u00bb angled_section=\u00bbno\u00bb text_align=\u00bbleft\u00bb background_image_as_pattern=\u00bbwithout_pattern\u00bb][vc_column][vc_column_text css=\u00bb.vc_custom_1727254649142{margin-bottom: 50px !important;}\u00bb] ENRICHMENT &nbsp; Formulaci\u00f3 d\u2019un nou element adaptatiu per al c\u00e0lcul de la post-fallada en models de materials compostos [\/vc_column_text][vc_column_text] Period: 09\/2021 &#8211; 09\/2024 (48 months) Funding organization: Acci\u00f3 \u2013&#8230;<\/p>\n","protected":false},"author":1,"featured_media":0,"parent":16363,"menu_order":0,"comment_status":"closed","ping_status":"closed","template":"","meta":{"footnotes":""},"class_list":["post-17279","page","type-page","status-publish","hentry"],"_links":{"self":[{"href":"https:\/\/amade.udg.edu\/index.php\/wp-json\/wp\/v2\/pages\/17279","targetHints":{"allow":["GET"]}}],"collection":[{"href":"https:\/\/amade.udg.edu\/index.php\/wp-json\/wp\/v2\/pages"}],"about":[{"href":"https:\/\/amade.udg.edu\/index.php\/wp-json\/wp\/v2\/types\/page"}],"author":[{"embeddable":true,"href":"https:\/\/amade.udg.edu\/index.php\/wp-json\/wp\/v2\/users\/1"}],"replies":[{"embeddable":true,"href":"https:\/\/amade.udg.edu\/index.php\/wp-json\/wp\/v2\/comments?post=17279"}],"version-history":[{"count":10,"href":"https:\/\/amade.udg.edu\/index.php\/wp-json\/wp\/v2\/pages\/17279\/revisions"}],"predecessor-version":[{"id":17376,"href":"https:\/\/amade.udg.edu\/index.php\/wp-json\/wp\/v2\/pages\/17279\/revisions\/17376"}],"up":[{"embeddable":true,"href":"https:\/\/amade.udg.edu\/index.php\/wp-json\/wp\/v2\/pages\/16363"}],"wp:attachment":[{"href":"https:\/\/amade.udg.edu\/index.php\/wp-json\/wp\/v2\/media?parent=17279"}],"curies":[{"name":"wp","href":"https:\/\/api.w.org\/{rel}","templated":true}]}}

<p>[vc_row css_animation=»» row_type=»row» use_row_as_full_screen_section=»no» type=»full_width» angled_section=»no» text_align=»left» background_image_as_pattern=»without_pattern»][vc_column][vc_column_text css=».vc_custom_1727254649142{margin-bottom: 50px !important;}»]</p>
<h3 style="text-align: center;"><strong>ENRICHMENT</strong></h3>
<p>&nbsp;</p>
<h3 style="text-align: center; font-size: 20px; text-transform: none;"><strong>Formulació d’un nou element adaptatiu per al càlcul de la post-fallada en models de materials compostos</strong></h3>
<p>[/vc_column_text][vc_column_text]</p>
<p style="text-align: center;"><strong>Period:</strong> 09/2021 &#8211; 09/2024 (48 months)</p>
<p style="text-align: center;"><strong>Funding organization:</strong> Acció – Generalitat de Catalunya</p>
<p style="text-align: center;"><strong>Project coordinator:</strong> Barcelona Technical Center S.L. (Btech<sup>c</sup>)</p>
<p style="text-align: center;"><strong><img decoding="async" class="alignnone wp-image-17307" src="http://amade.udg.edu/wp-content/uploads/2024/09/Logo_BTECHc-e1727178392791-300x157.jpg" alt="" width="200" height="105" srcset="https://amade.udg.edu/wp-content/uploads/2024/09/Logo_BTECHc-e1727178392791-300x157.jpg 300w, https://amade.udg.edu/wp-content/uploads/2024/09/Logo_BTECHc-e1727178392791.jpg 315w" sizes="(max-width: 200px) 100vw, 200px" /></strong></p>
<p style="text-align: center;"><strong>Partners:</strong> Amade-UdG</p>
<p style="text-align: center;"><strong><img decoding="async" class="alignnone size-medium wp-image-17352" src="http://amade.udg.edu/wp-content/uploads/2024/09/LOGO-AMADE-UdG-ENGL-2-300x63.png" alt="" width="300" height="63" srcset="https://amade.udg.edu/wp-content/uploads/2024/09/LOGO-AMADE-UdG-ENGL-2-300x63.png 300w, https://amade.udg.edu/wp-content/uploads/2024/09/LOGO-AMADE-UdG-ENGL-2-1024x216.png 1024w, https://amade.udg.edu/wp-content/uploads/2024/09/LOGO-AMADE-UdG-ENGL-2-768x162.png 768w, https://amade.udg.edu/wp-content/uploads/2024/09/LOGO-AMADE-UdG-ENGL-2-700x148.png 700w, https://amade.udg.edu/wp-content/uploads/2024/09/LOGO-AMADE-UdG-ENGL-2.png 1534w" sizes="(max-width: 300px) 100vw, 300px" /></strong></p>
<p style="text-align: center;"><strong>Project manager:</strong> Pere Maimí</p>
<p style="text-align: center;"><strong>Contact:</strong> pere.maimi@udg.edu</p>
<p style="text-align: center;"><strong>Other AMADE people involved in the project:</strong> A. Subramani</p>
<p style="text-align: center;"><b>Grant agreement number: </b><span style="font-weight: 400;">ACE034/21/000015</span></p>
<p style="text-align: center;"><b>Funded by</b><span style="font-weight: 400;">: Funded by “Agencia de Suport a l’Empresa Catalana (ACCIÓ)” under reference ACE034/21/000015</span></p>
<p><img decoding="async" class="aligncenter wp-image-17308" src="http://amade.udg.edu/wp-content/uploads/2024/09/Logo_ACCIO-integrat-vertical-CAT-300x268.png" alt="" width="200" height="179" />[/vc_column_text][vc_row_inner row_type=»row» type=»full_width» text_align=»left» css_animation=»»][vc_column_inner][/vc_column_inner][/vc_row_inner][vc_row_inner row_type=»row» type=»full_width» text_align=»left» css_animation=»» padding_top=»30&#8243; padding_bottom=»10&#8243;][vc_column_inner width=»1/6&#8243;][/vc_column_inner][vc_column_inner width=»2/3&#8243;][/vc_column_inner][vc_column_inner width=»1/6&#8243;][/vc_column_inner][/vc_row_inner][/vc_column][/vc_row][vc_row css_animation=»» row_type=»row» use_row_as_full_screen_section=»no» type=»full_width» angled_section=»no» text_align=»left» background_image_as_pattern=»without_pattern» z_index=»» padding_top=»50&#8243; padding_bottom=»50&#8243;][vc_column][vc_column_text]</p>
<h2><strong>DESCRIPTION</strong></h2>
<p>&nbsp;</p>
<p>L’aplicació de materials lleugers com els compostos de fibres es previst que experimenti un increment considerable en els vehicles destinats al transport. En el cas de l’electromobilitat l’increment de l’autonomia del vehicle passa en bona part per la reducció del pes de la seva estructura. La necessitat de predir els mecanismes de fallada en els materials compostos es fa evident en fenòmens d’origen dinàmic com poden ser els impactes (crash tests).</p>
<p>L’estat de la tècnica actual permet realitzar aquesta predicció en zones molt localitzades però no en el global de l’estructura. Aquesta limitació es deu a la necessitat de refinar molt els models d’elements finits per detectar la delaminació interlaminar</p>
<p>El cost computacional d’aquesta estratègia de simulació és inassolible quan la fallada pot originar-se en qualsevol punt del model perquè obligaria a un refinament total de l’estructura. Típicament aquesta és la situació que es dona en les simulacions de crash a on les interaccions entre els components del vehicle degut a l’impacte fan impossible predir quines seran les zones susceptibles a patir delaminació.</p>
<p>L’objectiu del projecte és desenvolupar una nova tècnica de mallat adaptatiu basada en l’enriquiment d’elements placa que permeti, un cop detectada la possibilitat de delaminació, la creació i divisió d’elements per recrear la generació de l’esquerda (delaminació) en el material.</p>
<p>L’interès principal està en aplicar aquesta nova tècnica a l’ús dels elements de tipus placa que són els més utilitzats en la simulació d’àmbit industrial pel seu reduït cost computacional. El problema d’aquest tipus d’elements és que no són capaços de reproduir amb precisió les tensions interlaminars degut a la seva formulació numèrica. BTECH, amb el suport i la supervisió d’AMADE, ha aconseguit desenvolupar una nova formulació que supera aquest inconvenient i que suposa el punt de partida pel projecte pel qual es demana l’ajut INNOTEC. Al poder obtenir les tensions interlaminars amb elements placa de forma precisa, ara només cal desenvolupar la tècnica de l’enriquiment per poder simular la post fallada en qualsevol punt del model amb un cost computacional raonable i assumible per una empresa PIME.[/vc_column_text][/vc_column][/vc_row][vc_row css_animation=»» row_type=»row» use_row_as_full_screen_section=»no» type=»full_width» angled_section=»no» text_align=»left» background_image_as_pattern=»without_pattern»][vc_column][vc_column_text]</p>
<h3>RECENT NEWS</h3>
<p>[/vc_column_text]
<div class='latest_post_holder image_in_box  ' >
    <ul>
    
    </ul>
</div>[/vc_column][/vc_row]</p>

<p>[vc_row css_animation=»» row_type=»row» use_row_as_full_screen_section=»no» type=»full_width» angled_section=»no» text_align=»left» background_image_as_pattern=»without_pattern»][vc_column][vc_column_text css=».vc_custom_1727254649142{margin-bottom: 50px !important;}»] ENRICHMENT &nbsp; Formulació d’un nou element adaptatiu per al càlcul de la post-fallada en models de materials compostos [/vc_column_text][vc_column_text] Period: 09/2021 &#8211; 09/2024 (48 months) Funding organization: Acció –&#8230;</p>
