{"id":17356,"date":"2024-09-24T12:59:47","date_gmt":"2024-09-24T12:59:47","guid":{"rendered":"http:\/\/amade.udg.edu\/?page_id=17356"},"modified":"2024-09-24T12:59:55","modified_gmt":"2024-09-24T12:59:55","slug":"subhyco","status":"publish","type":"page","link":"https:\/\/amade.udg.edu\/index.php\/research\/projects\/subhyco\/","title":{"rendered":"SUBHYCO"},"content":{"rendered":"<p>[vc_row css_animation=\u00bb\u00bb row_type=\u00bbrow\u00bb use_row_as_full_screen_section=\u00bbno\u00bb type=\u00bbfull_width\u00bb angled_section=\u00bbno\u00bb text_align=\u00bbleft\u00bb background_image_as_pattern=\u00bbwithout_pattern\u00bb][vc_column][vc_column_text css=\u00bb.vc_custom_1727182611562{margin-bottom: 50px !important;}\u00bb]<\/p>\n<h3 style=\"text-align: center;\"><strong>SUBHYCO<\/strong><\/h3>\n<p>&nbsp;<\/p>\n<h3 style=\"text-align: center; font-size: 20px; text-transform: none;\"><strong>In search of sustainable, bio-based, hybrid, long-fibre reinforced composites for structural applications<\/strong><\/h3>\n<p>[\/vc_column_text][vc_column_text]<\/p>\n<p style=\"text-align: center;\"><b>Period<\/b><span style=\"font-weight: 400;\">: 09\/2022 \u2013 08\/2025 (36 months)<\/span><\/p>\n<p style=\"text-align: center;\"><b>Funding organization<\/b><span style=\"font-weight: 400;\">: MCIN\/AEI\/FEDER<\/span><\/p>\n<p style=\"text-align: center;\"><b>Principal Investigators:<\/b><\/p>\n<p style=\"text-align: center;\"><span style=\"font-weight: 400;\">Josep Costa <\/span><a href=\"mailto:josep.costa@udg.edu\"><span style=\"font-weight: 400;\">josep.costa@udg.edu<\/span><\/a><span style=\"font-weight: 400;\"> (IP 1)<\/span><\/p>\n<p style=\"text-align: center;\"><span style=\"font-weight: 400;\">Pere Maim\u00ed <\/span><a href=\"mailto:pere.maimi@udg.edu\"><span style=\"font-weight: 400;\">pere.maimi@udg.edu<\/span><\/a><span style=\"font-weight: 400;\"> (IP 2)<\/span><\/p>\n<p style=\"text-align: center;\"><b>Work team:<\/b><\/p>\n<p style=\"text-align: center;\"><span style=\"font-weight: 400;\">Daniel Sanchez Rodriguez (AMADE-UdG)<\/span><\/p>\n<p style=\"text-align: center;\"><span style=\"font-weight: 400;\">Anbazhagan Subramani (AMADE-UdG)<\/span><\/p>\n<p style=\"text-align: center;\"><b>Funding:<\/b><\/p>\n<p style=\"text-align: center;\"><span style=\"font-weight: 400;\">MCIN\/AEI\/FEDER, \u201cAjuts a Projectes de Generaci\u00f3 de Coneixement\u201d within the framework of the \u201cPrograma Estatal per impulsar la Investigaci\u00f3 Cientifica-t\u00e8cnica i la seva transferencia, del Pla Estatal\u00a0 d&#8217;Investigaci\u00f3 Cient\u00edfica, T\u00e8cnica i d&#8217;Innovaci\u00f3 2021-2023\u201d (call 2021) and identifying code MCIN\/AEI\/10.13039\/501100011033; entitled \u00abIn search of sustainable, bio-based, hybrid, long-fibre reinforced composites for structural applications\u00bb; awarded by resolution on 15.11.2022.<\/span><\/p>\n<p><img decoding=\"async\" class=\"alignnone size-medium wp-image-17315 aligncenter\" src=\"http:\/\/amade.udg.edu\/wp-content\/uploads\/2024\/09\/Logo_Ministerio_y_-Agencia_Estatal_de_Investigacion-1-300x87.png\" alt=\"\" width=\"300\" height=\"87\" srcset=\"https:\/\/amade.udg.edu\/wp-content\/uploads\/2024\/09\/Logo_Ministerio_y_-Agencia_Estatal_de_Investigacion-1-300x87.png 300w, https:\/\/amade.udg.edu\/wp-content\/uploads\/2024\/09\/Logo_Ministerio_y_-Agencia_Estatal_de_Investigacion-1-1024x297.png 1024w, https:\/\/amade.udg.edu\/wp-content\/uploads\/2024\/09\/Logo_Ministerio_y_-Agencia_Estatal_de_Investigacion-1-768x223.png 768w, https:\/\/amade.udg.edu\/wp-content\/uploads\/2024\/09\/Logo_Ministerio_y_-Agencia_Estatal_de_Investigacion-1-1536x446.png 1536w, https:\/\/amade.udg.edu\/wp-content\/uploads\/2024\/09\/Logo_Ministerio_y_-Agencia_Estatal_de_Investigacion-1-2048x595.png 2048w, https:\/\/amade.udg.edu\/wp-content\/uploads\/2024\/09\/Logo_Ministerio_y_-Agencia_Estatal_de_Investigacion-1-700x203.png 700w\" sizes=\"(max-width: 300px) 100vw, 300px\" \/><\/p>\n<p><img decoding=\"async\" class=\"aligncenter wp-image-17302\" src=\"http:\/\/amade.udg.edu\/wp-content\/uploads\/2024\/09\/ue_fedr-300x243.png\" alt=\"\" width=\"200\" height=\"162\" \/>[\/vc_column_text][vc_row_inner row_type=\u00bbrow\u00bb type=\u00bbfull_width\u00bb text_align=\u00bbleft\u00bb css_animation=\u00bb\u00bb][vc_column_inner][\/vc_column_inner][\/vc_row_inner][vc_row_inner row_type=\u00bbrow\u00bb type=\u00bbfull_width\u00bb text_align=\u00bbleft\u00bb css_animation=\u00bb\u00bb padding_top=\u00bb30&#8243; padding_bottom=\u00bb10&#8243;][vc_column_inner width=\u00bb1\/6&#8243;][\/vc_column_inner][vc_column_inner width=\u00bb2\/3&#8243;][\/vc_column_inner][vc_column_inner width=\u00bb1\/6&#8243;][\/vc_column_inner][\/vc_row_inner][\/vc_column][\/vc_row][vc_row css_animation=\u00bb\u00bb row_type=\u00bbrow\u00bb use_row_as_full_screen_section=\u00bbno\u00bb type=\u00bbfull_width\u00bb angled_section=\u00bbno\u00bb text_align=\u00bbleft\u00bb background_image_as_pattern=\u00bbwithout_pattern\u00bb z_index=\u00bb\u00bb padding_top=\u00bb50&#8243; padding_bottom=\u00bb50&#8243;][vc_column][vc_column_text]<\/p>\n<h2><strong>DESCRIPTION<\/strong><\/h2>\n<p>&nbsp;<\/p>\n<p><span style=\"font-weight: 400;\">Structural composite materials are currently not recyclable, so a severe environmental problem is generated when components reach their end of life. The possibility of using natural fibers (such as flax or hemp) combined with recyclable matrices would undoubtedly reverse this problem. Indeed, there is currently a strong activity aimed at the development of sustainable matrices (bio-based or not) with self-repair characteristics. However, it is not clear to what extent these raw materials can lead to composite materials suitable to play a structural role in applications in sectors such as automotive or wind turbines.<\/span><\/p>\n<p><span style=\"font-weight: 400;\">One stage of the project is aimed at the characterization of recyclable matrices developed by expert institutes in the formulation of polymers. The mechanical behavior of vitrimers and bio-based polymers will be characterized, paying special attention to their toughness and thermal stability, and their viscoelastic behavior in particular. Regarding self-healing properties, there is no consensus as to how to measure them and the disparity of tests with which it is claimed is far from conferring the necessary reliability for the structural design. In order to evaluate the self-healing properties of these formulations, an objective and quantifiable test methodology will be developed with a view to their potential standardization. Said methodology will be applied to the aforementioned vitrimers and bio-based polymers.\u00a0<\/span><\/p>\n<p><span style=\"font-weight: 400;\">In the second stage of the project, it will be evaluated how the self-healing properties measured in the polymers translate into the ability of the composite material to self-repair the damage mechanisms most related to the matrix: cracking of the matrix in layers at 90 degrees and delaminations generated by out-of-plane loads. Composite materials will be manufactured with the aforementioned recyclable and self-repairing matrices reinforced with fibers of flax or hemp, glass and recycled carbon, and their capacity for self-repair will be evaluated and quantified using experimental methods specifically designed for this purpose.<\/span><\/p>\n<p><span style=\"font-weight: 400;\">Finally, hybrid composite materials will be made by combining natural fibers with fiberglass and, on the other hand, natural fibers with recycled carbon fiber. In the first case, glass &#8211; natural fibers, a composite material with properties similar to those of a fiberglass composite but with better vibration damping will be pursued. This material points towards applications in wind turbine blades, where to mitigate the resonances is crucial, or in car panels that must combine structural function with the sound isolation of the cabin from outside noise. The natural fiber-recycled carbon hybrid material will be designed to exhibit improved toughness through pseudo-ductile behavior and will target a composite material with performance midway between a fiberglass composite and a carbon composite.<\/span><\/p>\n<p><span style=\"font-weight: 400;\">Ultimately, the project will contribute to achieving composite materials with structural capacity, more sustainable, promoting a bio-based economy and facilitating their recycling and the extension of their service life.<\/span>[\/vc_column_text][\/vc_column][\/vc_row][vc_row css_animation=\u00bb\u00bb row_type=\u00bbrow\u00bb use_row_as_full_screen_section=\u00bbno\u00bb type=\u00bbfull_width\u00bb angled_section=\u00bbno\u00bb text_align=\u00bbleft\u00bb background_image_as_pattern=\u00bbwithout_pattern\u00bb][vc_column][vc_column_text]<\/p>\n<h3>RECENT NEWS<\/h3>\n<p>[\/vc_column_text]\n<div class='latest_post_holder image_in_box  ' >\n    <ul>\n    \n        <li class=\"clearfix\">\n            <div class=\"latest_post\"  >\n                <div class=\"latest_post_image clearfix\">\n                    <a itemprop=\"url\" href=\"https:\/\/amade.udg.edu\/index.php\/2023\/11\/08\/new-paper-on-nominal-strength-of-notched-pseudo-ductile-specimens\/\">\n                                                <img decoding=\"async\" itemprop=\"image\" src=\"https:\/\/amade.udg.edu\/wp-content\/uploads\/2023\/11\/1-s2.0-S016784422300383X-ga1_lrg-150x150.jpg\" alt=\"\" \/>\n                    <\/a>\n                <\/div>\n\n\n                <div class=\"latest_post_text\">\n                    <div class=\"latest_post_inner\">\n                        <div class=\"latest_post_text_inner\">\n                            <h3 itemprop=\"name\" class=\"latest_post_title entry_title\"><a itemprop=\"url\" href=\"https:\/\/amade.udg.edu\/index.php\/2023\/11\/08\/new-paper-on-nominal-strength-of-notched-pseudo-ductile-specimens\/\">New paper on nominal strength of notched pseudo-ductile specimens<\/a><\/h3>\n                            <p class=\"excerpt\">Researchers of AMADE &#8211; Universitat de Girona (A. Subramani, P. Maim\u00ed, J.M. Guerrero, J. Costa) have recently published the paper entitled \u201cNominal strength of notched pseudo-ductile specimens\u201d in the journal Theoretical and Applied Fracture Mechanics (Volume 128, December 2023, 104120).......<\/p>\n                            <span class=\"post_infos\">\n                                                                    <span class=\"date_hour_holder\">\n                                        <span itemprop=\"dateCreated\" class=\"date entry_date updated\">08 noviembre, 2023 <meta itemprop=\"interactionCount\" content=\"UserComments: 0\"\/><\/span>\n                                    <\/span>\n                                \n                                \n                                \n                                                                    <span class=\"dots\"><i class=\"fa fa-square\"><\/i><\/span>\n                                    <span class=\"blog_like\"><a  href=\"#\" class=\"qode-like\" id=\"qode-like-17145\" title=\"Like this\">0<span>  Likes<\/span><\/a><\/span>\n                                \n                                                                        <span class=\"dots\"><i class=\"fa fa-square\"><\/i><\/span>\n                                        <div class=\"blog_share qode_share\"><div class=\"social_share_holder\"><a href=\"javascript:void(0)\" target=\"_self\"><span class=\"social_share_title\">Share<\/span><\/a><div class=\"social_share_dropdown\"><div class=\"inner_arrow\"><\/div><ul><li class=\"facebook_share\"><a href=\"javascript:void(0)\" onclick=\"window.open('https:\/\/www.facebook.com\/sharer.php?u=https%3A%2F%2Famade.udg.edu%2Findex.php%2F2023%2F11%2F08%2Fnew-paper-on-nominal-strength-of-notched-pseudo-ductile-specimens%2F', 'sharer', 'toolbar=0,status=0,width=620,height=280');\"><i class=\"fa fa-facebook\"><\/i><\/a><\/li><li class=\"twitter_share\"><a href=\"#\" onclick=\"popUp=window.open('https:\/\/twitter.com\/share?status=Researchers+of+AMADE+%26%238211%3B+Universitat+de+Girona+%28A.+Subramani%2C+P.+Maim%C3%AD%2C+J.M.+Guerrero%2C+J.+Costa%29+have+recently+https:\/\/amade.udg.edu\/index.php\/2023\/11\/08\/new-paper-on-nominal-strength-of-notched-pseudo-ductile-specimens\/', 'popupwindow', 'scrollbars=yes,width=800,height=400');popUp.focus();return false;\"><i class=\"fa fa-twitter\"><\/i><\/a><\/li><li  class=\"linkedin_share\"><a href=\"#\" onclick=\"popUp=window.open('https:\/\/linkedin.com\/shareArticle?mini=true&amp;url=https%3A%2F%2Famade.udg.edu%2Findex.php%2F2023%2F11%2F08%2Fnew-paper-on-nominal-strength-of-notched-pseudo-ductile-specimens%2F&amp;title=New+paper+on+nominal+strength+of+notched+pseudo-ductile+specimens', 'popupwindow', 'scrollbars=yes,width=800,height=400');popUp.focus();return false\"><i class=\"fa fa-linkedin\"><\/i><\/a><\/li><\/ul><\/div><\/div><\/div>                                                            <\/span>\n                        <\/div>\n                    <\/div>\n                <\/div>\n            <\/div>\n        <\/li>\n        \n    <\/ul>\n<\/div>[\/vc_column][\/vc_row]<\/p>\n","protected":false},"excerpt":{"rendered":"<p>[vc_row css_animation=\u00bb\u00bb row_type=\u00bbrow\u00bb use_row_as_full_screen_section=\u00bbno\u00bb type=\u00bbfull_width\u00bb angled_section=\u00bbno\u00bb text_align=\u00bbleft\u00bb background_image_as_pattern=\u00bbwithout_pattern\u00bb][vc_column][vc_column_text css=\u00bb.vc_custom_1727182611562{margin-bottom: 50px !important;}\u00bb] SUBHYCO &nbsp; In search of sustainable, bio-based, hybrid, long-fibre reinforced composites for structural applications [\/vc_column_text][vc_column_text] Period: 09\/2022 \u2013 08\/2025 (36 months) Funding organization: MCIN\/AEI\/FEDER Principal Investigators: Josep Costa josep.costa@udg.edu&#8230;<\/p>\n","protected":false},"author":1,"featured_media":0,"parent":16363,"menu_order":0,"comment_status":"closed","ping_status":"closed","template":"","meta":{"footnotes":""},"class_list":["post-17356","page","type-page","status-publish","hentry"],"_links":{"self":[{"href":"https:\/\/amade.udg.edu\/index.php\/wp-json\/wp\/v2\/pages\/17356","targetHints":{"allow":["GET"]}}],"collection":[{"href":"https:\/\/amade.udg.edu\/index.php\/wp-json\/wp\/v2\/pages"}],"about":[{"href":"https:\/\/amade.udg.edu\/index.php\/wp-json\/wp\/v2\/types\/page"}],"author":[{"embeddable":true,"href":"https:\/\/amade.udg.edu\/index.php\/wp-json\/wp\/v2\/users\/1"}],"replies":[{"embeddable":true,"href":"https:\/\/amade.udg.edu\/index.php\/wp-json\/wp\/v2\/comments?post=17356"}],"version-history":[{"count":1,"href":"https:\/\/amade.udg.edu\/index.php\/wp-json\/wp\/v2\/pages\/17356\/revisions"}],"predecessor-version":[{"id":17357,"href":"https:\/\/amade.udg.edu\/index.php\/wp-json\/wp\/v2\/pages\/17356\/revisions\/17357"}],"up":[{"embeddable":true,"href":"https:\/\/amade.udg.edu\/index.php\/wp-json\/wp\/v2\/pages\/16363"}],"wp:attachment":[{"href":"https:\/\/amade.udg.edu\/index.php\/wp-json\/wp\/v2\/media?parent=17356"}],"curies":[{"name":"wp","href":"https:\/\/api.w.org\/{rel}","templated":true}]}}

<p>[vc_row css_animation=»» row_type=»row» use_row_as_full_screen_section=»no» type=»full_width» angled_section=»no» text_align=»left» background_image_as_pattern=»without_pattern»][vc_column][vc_column_text css=».vc_custom_1727182611562{margin-bottom: 50px !important;}»]</p>
<h3 style="text-align: center;"><strong>SUBHYCO</strong></h3>
<p>&nbsp;</p>
<h3 style="text-align: center; font-size: 20px; text-transform: none;"><strong>In search of sustainable, bio-based, hybrid, long-fibre reinforced composites for structural applications</strong></h3>
<p>[/vc_column_text][vc_column_text]</p>
<p style="text-align: center;"><b>Period</b><span style="font-weight: 400;">: 09/2022 – 08/2025 (36 months)</span></p>
<p style="text-align: center;"><b>Funding organization</b><span style="font-weight: 400;">: MCIN/AEI/FEDER</span></p>
<p style="text-align: center;"><b>Principal Investigators:</b></p>
<p style="text-align: center;"><span style="font-weight: 400;">Josep Costa </span><a href="mailto:josep.costa@udg.edu"><span style="font-weight: 400;">josep.costa@udg.edu</span></a><span style="font-weight: 400;"> (IP 1)</span></p>
<p style="text-align: center;"><span style="font-weight: 400;">Pere Maimí </span><a href="mailto:pere.maimi@udg.edu"><span style="font-weight: 400;">pere.maimi@udg.edu</span></a><span style="font-weight: 400;"> (IP 2)</span></p>
<p style="text-align: center;"><b>Work team:</b></p>
<p style="text-align: center;"><span style="font-weight: 400;">Daniel Sanchez Rodriguez (AMADE-UdG)</span></p>
<p style="text-align: center;"><span style="font-weight: 400;">Anbazhagan Subramani (AMADE-UdG)</span></p>
<p style="text-align: center;"><b>Funding:</b></p>
<p style="text-align: center;"><span style="font-weight: 400;">MCIN/AEI/FEDER, “Ajuts a Projectes de Generació de Coneixement” within the framework of the “Programa Estatal per impulsar la Investigació Cientifica-tècnica i la seva transferencia, del Pla Estatal  d&#8217;Investigació Científica, Tècnica i d&#8217;Innovació 2021-2023” (call 2021) and identifying code MCIN/AEI/10.13039/501100011033; entitled «In search of sustainable, bio-based, hybrid, long-fibre reinforced composites for structural applications»; awarded by resolution on 15.11.2022.</span></p>
<p><img decoding="async" class="alignnone size-medium wp-image-17315 aligncenter" src="http://amade.udg.edu/wp-content/uploads/2024/09/Logo_Ministerio_y_-Agencia_Estatal_de_Investigacion-1-300x87.png" alt="" width="300" height="87" srcset="https://amade.udg.edu/wp-content/uploads/2024/09/Logo_Ministerio_y_-Agencia_Estatal_de_Investigacion-1-300x87.png 300w, https://amade.udg.edu/wp-content/uploads/2024/09/Logo_Ministerio_y_-Agencia_Estatal_de_Investigacion-1-1024x297.png 1024w, https://amade.udg.edu/wp-content/uploads/2024/09/Logo_Ministerio_y_-Agencia_Estatal_de_Investigacion-1-768x223.png 768w, https://amade.udg.edu/wp-content/uploads/2024/09/Logo_Ministerio_y_-Agencia_Estatal_de_Investigacion-1-1536x446.png 1536w, https://amade.udg.edu/wp-content/uploads/2024/09/Logo_Ministerio_y_-Agencia_Estatal_de_Investigacion-1-2048x595.png 2048w, https://amade.udg.edu/wp-content/uploads/2024/09/Logo_Ministerio_y_-Agencia_Estatal_de_Investigacion-1-700x203.png 700w" sizes="(max-width: 300px) 100vw, 300px" /></p>
<p><img decoding="async" class="aligncenter wp-image-17302" src="http://amade.udg.edu/wp-content/uploads/2024/09/ue_fedr-300x243.png" alt="" width="200" height="162" />[/vc_column_text][vc_row_inner row_type=»row» type=»full_width» text_align=»left» css_animation=»»][vc_column_inner][/vc_column_inner][/vc_row_inner][vc_row_inner row_type=»row» type=»full_width» text_align=»left» css_animation=»» padding_top=»30&#8243; padding_bottom=»10&#8243;][vc_column_inner width=»1/6&#8243;][/vc_column_inner][vc_column_inner width=»2/3&#8243;][/vc_column_inner][vc_column_inner width=»1/6&#8243;][/vc_column_inner][/vc_row_inner][/vc_column][/vc_row][vc_row css_animation=»» row_type=»row» use_row_as_full_screen_section=»no» type=»full_width» angled_section=»no» text_align=»left» background_image_as_pattern=»without_pattern» z_index=»» padding_top=»50&#8243; padding_bottom=»50&#8243;][vc_column][vc_column_text]</p>
<h2><strong>DESCRIPTION</strong></h2>
<p>&nbsp;</p>
<p><span style="font-weight: 400;">Structural composite materials are currently not recyclable, so a severe environmental problem is generated when components reach their end of life. The possibility of using natural fibers (such as flax or hemp) combined with recyclable matrices would undoubtedly reverse this problem. Indeed, there is currently a strong activity aimed at the development of sustainable matrices (bio-based or not) with self-repair characteristics. However, it is not clear to what extent these raw materials can lead to composite materials suitable to play a structural role in applications in sectors such as automotive or wind turbines.</span></p>
<p><span style="font-weight: 400;">One stage of the project is aimed at the characterization of recyclable matrices developed by expert institutes in the formulation of polymers. The mechanical behavior of vitrimers and bio-based polymers will be characterized, paying special attention to their toughness and thermal stability, and their viscoelastic behavior in particular. Regarding self-healing properties, there is no consensus as to how to measure them and the disparity of tests with which it is claimed is far from conferring the necessary reliability for the structural design. In order to evaluate the self-healing properties of these formulations, an objective and quantifiable test methodology will be developed with a view to their potential standardization. Said methodology will be applied to the aforementioned vitrimers and bio-based polymers. </span></p>
<p><span style="font-weight: 400;">In the second stage of the project, it will be evaluated how the self-healing properties measured in the polymers translate into the ability of the composite material to self-repair the damage mechanisms most related to the matrix: cracking of the matrix in layers at 90 degrees and delaminations generated by out-of-plane loads. Composite materials will be manufactured with the aforementioned recyclable and self-repairing matrices reinforced with fibers of flax or hemp, glass and recycled carbon, and their capacity for self-repair will be evaluated and quantified using experimental methods specifically designed for this purpose.</span></p>
<p><span style="font-weight: 400;">Finally, hybrid composite materials will be made by combining natural fibers with fiberglass and, on the other hand, natural fibers with recycled carbon fiber. In the first case, glass &#8211; natural fibers, a composite material with properties similar to those of a fiberglass composite but with better vibration damping will be pursued. This material points towards applications in wind turbine blades, where to mitigate the resonances is crucial, or in car panels that must combine structural function with the sound isolation of the cabin from outside noise. The natural fiber-recycled carbon hybrid material will be designed to exhibit improved toughness through pseudo-ductile behavior and will target a composite material with performance midway between a fiberglass composite and a carbon composite.</span></p>
<p><span style="font-weight: 400;">Ultimately, the project will contribute to achieving composite materials with structural capacity, more sustainable, promoting a bio-based economy and facilitating their recycling and the extension of their service life.</span>[/vc_column_text][/vc_column][/vc_row][vc_row css_animation=»» row_type=»row» use_row_as_full_screen_section=»no» type=»full_width» angled_section=»no» text_align=»left» background_image_as_pattern=»without_pattern»][vc_column][vc_column_text]</p>
<h3>RECENT NEWS</h3>
<p>[/vc_column_text]
<div class='latest_post_holder image_in_box  ' >
    <ul>
    
        <li class="clearfix">
            <div class="latest_post"  >
                <div class="latest_post_image clearfix">
                    <a itemprop="url" href="https://amade.udg.edu/index.php/2023/11/08/new-paper-on-nominal-strength-of-notched-pseudo-ductile-specimens/">
                                                <img decoding="async" itemprop="image" src="https://amade.udg.edu/wp-content/uploads/2023/11/1-s2.0-S016784422300383X-ga1_lrg-150x150.jpg" alt="" />
                    </a>
                </div>


                <div class="latest_post_text">
                    <div class="latest_post_inner">
                        <div class="latest_post_text_inner">
                            <h3 itemprop="name" class="latest_post_title entry_title"><a itemprop="url" href="https://amade.udg.edu/index.php/2023/11/08/new-paper-on-nominal-strength-of-notched-pseudo-ductile-specimens/">New paper on nominal strength of notched pseudo-ductile specimens</a></h3>
                            <p class="excerpt">Researchers of AMADE &#8211; Universitat de Girona (A. Subramani, P. Maimí, J.M. Guerrero, J. Costa) have recently published the paper entitled “Nominal strength of notched pseudo-ductile specimens” in the journal Theoretical and Applied Fracture Mechanics (Volume 128, December 2023, 104120).......</p>
                            <span class="post_infos">
                                                                    <span class="date_hour_holder">
                                        <span itemprop="dateCreated" class="date entry_date updated">08 noviembre, 2023 <meta itemprop="interactionCount" content="UserComments: 0"/></span>
                                    </span>
                                
                                
                                
                                                                    <span class="dots"><i class="fa fa-square"></i></span>
                                    <span class="blog_like"><a  href="#" class="qode-like" id="qode-like-17145" title="Like this">0<span>  Likes</span></a></span>
                                
                                                                        <span class="dots"><i class="fa fa-square"></i></span>
                                        <div class="blog_share qode_share"><div class="social_share_holder"><a href="javascript:void(0)" target="_self"><span class="social_share_title">Share</span></a><div class="social_share_dropdown"><div class="inner_arrow"></div><ul><li class="facebook_share"><a href="javascript:void(0)" onclick="window.open('https://www.facebook.com/sharer.php?u=https%3A%2F%2Famade.udg.edu%2Findex.php%2F2023%2F11%2F08%2Fnew-paper-on-nominal-strength-of-notched-pseudo-ductile-specimens%2F', 'sharer', 'toolbar=0,status=0,width=620,height=280');"><i class="fa fa-facebook"></i></a></li><li class="twitter_share"><a href="#" onclick="popUp=window.open('https://twitter.com/share?status=Researchers+of+AMADE+%26%238211%3B+Universitat+de+Girona+%28A.+Subramani%2C+P.+Maim%C3%AD%2C+J.M.+Guerrero%2C+J.+Costa%29+have+recently+https://amade.udg.edu/index.php/2023/11/08/new-paper-on-nominal-strength-of-notched-pseudo-ductile-specimens/', 'popupwindow', 'scrollbars=yes,width=800,height=400');popUp.focus();return false;"><i class="fa fa-twitter"></i></a></li><li  class="linkedin_share"><a href="#" onclick="popUp=window.open('https://linkedin.com/shareArticle?mini=true&amp;url=https%3A%2F%2Famade.udg.edu%2Findex.php%2F2023%2F11%2F08%2Fnew-paper-on-nominal-strength-of-notched-pseudo-ductile-specimens%2F&amp;title=New+paper+on+nominal+strength+of+notched+pseudo-ductile+specimens', 'popupwindow', 'scrollbars=yes,width=800,height=400');popUp.focus();return false"><i class="fa fa-linkedin"></i></a></li></ul></div></div></div>                                                            </span>
                        </div>
                    </div>
                </div>
            </div>
        </li>
        
    </ul>
</div>[/vc_column][/vc_row]</p>
